{"id":3,"date":"2024-01-25T16:31:18","date_gmt":"2024-01-25T16:31:18","guid":{"rendered":"https:\/\/urmirense.pt\/?page_id=3"},"modified":"2026-03-01T00:23:25","modified_gmt":"2026-03-01T00:23:25","slug":"privacy-policy","status":"publish","type":"page","link":"https:\/\/urmirense.pt\/index.php\/privacy-policy\/","title":{"rendered":"Pol\u00edtica de Privacidade"},"content":{"rendered":"\t\t<div data-elementor-type=\"wp-page\" data-elementor-id=\"3\" class=\"elementor elementor-3\">\n\t\t\t\t<div class=\"elementor-element elementor-element-4774ac02 e-flex e-con-boxed e-con e-parent\" data-id=\"4774ac02\" data-element_type=\"container\" data-e-type=\"container\">\n\t\t\t\t\t<div class=\"e-con-inner\">\n\t\t\t\t<div class=\"elementor-element elementor-element-9b662bd elementor-widget elementor-widget-heading\" data-id=\"9b662bd\" data-element_type=\"widget\" data-e-type=\"widget\" data-widget_type=\"heading.default\">\n\t\t\t\t<div class=\"elementor-widget-container\">\n\t\t\t\t\t<h2 class=\"elementor-heading-title elementor-size-default\">Pol\u00edtica de Privacidade e Prote\u00e7\u00e3o de Dados<\/h2>\t\t\t\t<\/div>\n\t\t\t\t<\/div>\n\t\t\t\t<div class=\"elementor-element elementor-element-64ad1d9 elementor-widget elementor-widget-spacer\" data-id=\"64ad1d9\" data-element_type=\"widget\" data-e-type=\"widget\" data-widget_type=\"spacer.default\">\n\t\t\t\t<div class=\"elementor-widget-container\">\n\t\t\t\t\t\t\t<div class=\"elementor-spacer\">\n\t\t\t<div class=\"elementor-spacer-inner\"><\/div>\n\t\t<\/div>\n\t\t\t\t\t\t<\/div>\n\t\t\t\t<\/div>\n\t\t\t\t<div class=\"elementor-element elementor-element-1b367358 elementor-widget elementor-widget-text-editor\" data-id=\"1b367358\" data-element_type=\"widget\" data-e-type=\"widget\" data-widget_type=\"text-editor.default\">\n\t\t\t\t<div class=\"elementor-widget-container\">\n\t\t\t\t\t\t\t\t\t\n<p>O URM \u2013 Uni\u00e3o Recreativa Mirense, preocupa-se com a sua privacidade e compromete-se a proteger os seus dados pessoais. Esta \u201cPol\u00edtica de Privacidade e Prote\u00e7\u00e3o de Dados\u201d define os termos pelos quais os dados pessoais que fornece s\u00e3o utilizados e mantidos em seguran\u00e7a pelo URM. Esta forma de atuar aplica-se a todos os casos em que recolhemos os seus dados pessoais, por isso, leia atentamente este documento.<\/p>\n<p>Se por algum motivo n\u00e3o aceitar a nossa \u201cPol\u00edtica de Privacidade e Prote\u00e7\u00e3o de Dados\u201d, por favor pare imediatamente de utilizar este Website e contate-nos via email: <a href=\"mailto:geral@urmirense.pt\">geral@urmirense.pt<\/a>.<\/p>\n<p>\u00a0<\/p>\n<p><b>Sobre a nossa Pol\u00edtica de Privacidade e Prote\u00e7\u00e3o de Dados<\/b><\/p>\n\n<p>Esta \u201cPol\u00edtica de Privacidade e Prote\u00e7\u00e3o de Dados\u201d explica quais s\u00e3o os dados pessoais que podemos recolher, quais as suas finalidades e as medidas que tomamos para garantir que sejam mantidos seguros. Tamb\u00e9m explicamos os direitos em rela\u00e7\u00e3o aos seus dados pessoais e como contatar-nos.<\/p>\n<p>\u00a0<\/p>\n\n<p><b>Como nos contactar sobre os seus dados pessoais ou sobre esta \u201cPol\u00edtica de Privacidade e Prote\u00e7\u00e3o de Dados\u201d<\/b><\/p>\n<p>Estamos recetivos a quaisquer quest\u00f5es, coment\u00e1rios ou recomenda\u00e7\u00f5es acerca da nossa \u201cPol\u00edtica de Privacidade e Prote\u00e7\u00e3o de Dados\u201d. Se tiver alguma d\u00favida e\/ou quest\u00e3o quanto \u00e0 nossa forma de recolha, armazenamento ou utiliza\u00e7\u00e3o dos seus dados pessoais, por favor contate-nos atrav\u00e9s do email: <a href=\"mailto:geral@urmirense.pt\">geral@urmirense.pt<\/a>.<span class=\"Apple-converted-space\">\u00a0<\/span><\/p>\n<p>\u00a0<\/p>\n\n<p><b>Dados pessoais: O que s\u00e3o, o que recolhemos e como utilizamos<\/b><\/p>\n<p>Dados pessoais s\u00e3o informa\u00e7\u00f5es espec\u00edficas sobre caracter\u00edsticas pessoais ou factuais relacionadas com um indiv\u00edduo que pode ser identificado a partir desses dados. Isso inclui, entre outras, informa\u00e7\u00f5es como o nome, morada, n\u00famero de telefone e data de nascimento.<\/p>\n<p>As informa\u00e7\u00f5es que n\u00e3o permitem a sua identifica\u00e7\u00e3o ou que n\u00e3o podem ser diretamente ligadas \u00e0 sua identidade n\u00e3o s\u00e3o consideradas dados pessoais.<\/p>\n<p>Todos os dados pessoais que recolhemos s\u00e3o registados, tratados e protegidos por n\u00f3s de acordo com a legisla\u00e7\u00e3o de prote\u00e7\u00e3o de dados nacional e europeia <b>Regulamento (UE) 2016\/679 RGPD. <\/b>Al\u00e9m disso existe a possibilidade de complementar<b> <\/b>as informa\u00e7\u00f5es recolhidas com dados obtidos de outras empresas, que nos s\u00e3o fornecidos no \u00e2mbito da celebra\u00e7\u00e3o de contratos ou que recebemos de outras organiza\u00e7\u00f5es, por exemplo, dos nossos patrocinadores.<span class=\"Apple-converted-space\">\u00a0<\/span><\/p>\n<p>O Clube trata os dados pessoais de forma l\u00edcita, leal e transparente, apenas para finalidades espec\u00edficas e leg\u00edtimas, garantindo a sua seguran\u00e7a e confidencialidade.<\/p>\n<p>\u00a0<\/p>\n\n<p><b>Dados pessoais recolhido<\/b><\/p>\n<p>O Clube pode recolher e tratar os seguintes dados pessoais:<\/p>\n<ul>\n<li>Nome, data de nascimento e contactos;<\/li>\n<li>Morada e dados administrativos necess\u00e1rios \u00e0 gest\u00e3o do Clube;<\/li>\n<li>Dados de s\u00f3cios, atletas, treinadores, dirigentes e volunt\u00e1rios;<\/li>\n<li>Imagens (fotografias e v\u00eddeos) captadas durante atividades, treinos, jogos e eventos;<\/li>\n<li>Dados partilhados voluntariamente atrav\u00e9s das redes sociais do Clube (ex.: coment\u00e1rios, mensagens privadas).<\/li>\n<\/ul>\n<p>\u00a0<\/p>\n\n<p><b>Finalidades do Tratamento<\/b><\/p>\n\n<p>Os dados pessoais s\u00e3o tratados para:<\/p>\n<ul>\n<li>Gest\u00e3o de s\u00f3cios, atletas e atividades desportivas e recreativas;<\/li>\n<li>Comunica\u00e7\u00e3o com s\u00f3cios e participantes;<\/li>\n<li>Divulga\u00e7\u00e3o de eventos, resultados, atividades e iniciativas do Clube;<\/li>\n<li>Promo\u00e7\u00e3o institucional do Clube atrav\u00e9s de redes sociais, site e outros meios de comunica\u00e7\u00e3o;<\/li>\n<li>Cumprimento de obriga\u00e7\u00f5es legais.<\/li>\n<\/ul>\n\n<p>\u00a0<\/p>\n<p><b>Redes Sociais<\/b><\/p>\n\n<p>O Uni\u00e3o Recreativa Mirense utiliza redes sociais (como Facebook, Instagram ou outras) para divulgar a sua atividade:<\/p>\n<ul>\n<li>A publica\u00e7\u00e3o de fotografias e v\u00eddeos pode incluir a imagem de s\u00f3cios, atletas, equipas t\u00e9cnicas e participantes em eventos;<\/li>\n<li>Sempre que exigido por lei, especialmente no caso de <b>menores<\/b>, ser\u00e1 solicitado <b>consentimento pr\u00e9vio<\/b> dos titulares dos dados ou dos respetivos representantes legais;<\/li>\n<li>Os coment\u00e1rios, \u201cgostos\u201d e partilhas feitos nas p\u00e1ginas do Clube ficam sujeitos \u00e0s pol\u00edticas de privacidade das respetivas plataformas;<\/li>\n<li>O Clube n\u00e3o \u00e9 respons\u00e1vel pelo tratamento de dados efetuado pelas plataformas de redes sociais, sendo recomendada a consulta das respetivas pol\u00edticas de privacidade.<\/li>\n<\/ul>\n\n<p>\u00a0<\/p>\n<p><b>Fundamento Legal do Tratamento<\/b><\/p>\n\n<p>O tratamento dos dados pessoais baseia-se:<\/p>\n<ul>\n<li>No consentimento do titular dos dados;<\/li>\n<li>Na execu\u00e7\u00e3o de um contrato ou rela\u00e7\u00e3o associativa;<\/li>\n<li>No cumprimento de obriga\u00e7\u00f5es legais;<\/li>\n<li>No interesse leg\u00edtimo do Clube na promo\u00e7\u00e3o das suas atividades.<\/li>\n<\/ul>\n\n<p>\u00a0<\/p>\n<p><b>Conserva\u00e7\u00e3o dos Dados<\/b><\/p>\n\n<p>Os dados ser\u00e3o conservados apenas pelo per\u00edodo necess\u00e1rio \u00e0s finalidades para as quais foram recolhidos ou enquanto se mantiver a liga\u00e7\u00e3o ao Clube, respeitando os prazos legais aplic\u00e1veis.<\/p>\n\n<p>\u00a0<\/p>\n<p><b>Partilha de Dados<\/b><\/p>\n\n<p>Os dados pessoais apenas ser\u00e3o partilhados:<\/p>\n<ul>\n<li>Com entidades oficiais (federa\u00e7\u00f5es, associa\u00e7\u00f5es, autoridades);<\/li>\n<li>Com prestadores de servi\u00e7os do Clube, quando necess\u00e1rio.<\/li>\n<\/ul>\n<p>Em nenhum caso os dados ser\u00e3o utilizados para fins comerciais externos.<\/p>\n<p>\u00a0<\/p>\n<p><b>Direitos dos Titulares dos Dados<\/b><\/p>\n<p>Nos termos do RGPD, os titulares t\u00eam direito a:<\/p>\n<ul>\n<li>Acesso, retifica\u00e7\u00e3o ou apagamento dos dados;<\/li>\n<li>Limita\u00e7\u00e3o ou oposi\u00e7\u00e3o ao tratamento;<\/li>\n<li>Portabilidade dos dados;<\/li>\n<li>Retirar o consentimento a qualquer momento.<\/li>\n<\/ul>\n<p>Os pedidos devem ser dirigidos ao Clube atrav\u00e9s dos seus contactos oficiais.<\/p>\n<p>\u00a0<\/p>\n<p><b>Seguran\u00e7a dos Dados<\/b><\/p>\n<p>O Clube adota medidas t\u00e9cnicas e organizativas adequadas para proteger os dados pessoais contra perda, uso indevido, acesso n\u00e3o autorizado, divulga\u00e7\u00e3o ou destrui\u00e7\u00e3o.<\/p>\n<p>\u00a0<\/p>\n<p><b>Altera\u00e7\u00f5es \u00e0 Pol\u00edtica<\/b><\/p>\n<p>Esta Pol\u00edtica poder\u00e1 ser atualizada sempre que necess\u00e1rio. As altera\u00e7\u00f5es ser\u00e3o divulgadas pelos meios habituais do Clube.<\/p>\n<p>O nosso objetivo \u00e9 atender a padr\u00f5es de seguran\u00e7a e privacidade e, portanto, as nossas pol\u00edticas e procedimentos est\u00e3o constantemente sob revis\u00e3o.<\/p>\n<p>Podemos alterar esta \u201cPol\u00edtica de Privacidade e Prote\u00e7\u00e3o de Dados\u201d sempre que se julgue adequado e necess\u00e1rio. Com efeito, recomendamos a verifica\u00e7\u00e3o peri\u00f3dica desta p\u00e1gina para a leitura da vers\u00e3o mais recente.<\/p>\n\t\t\t\t\t\t\t\t<\/div>\n\t\t\t\t<\/div>\n\t\t\t\t\t<\/div>\n\t\t\t\t<\/div>\n\t\t\t\t<\/div>\n\t\t","protected":false},"excerpt":{"rendered":"<p>Pol\u00edtica de Privacidade e Prote\u00e7\u00e3o de Dados O URM \u2013 Uni\u00e3o Recreativa Mirense, preocupa-se com a sua privacidade e compromete-se a proteger os seus dados pessoais. Esta \u201cPol\u00edtica de Privacidade e Prote\u00e7\u00e3o de Dados\u201d define os termos pelos quais os dados pessoais que fornece s\u00e3o utilizados e mantidos em seguran\u00e7a pelo URM. Esta forma de &hellip; <\/p>\n<p class=\"link-more\"><a href=\"https:\/\/urmirense.pt\/index.php\/privacy-policy\/\" class=\"more-link\">Read more<span class=\"screen-reader-text\"> &#8220;Pol\u00edtica de Privacidade&#8221;<\/span><\/a><\/p>\n","protected":false},"author":1,"featured_media":0,"parent":0,"menu_order":0,"comment_status":"closed","ping_status":"closed","template":"","meta":{"inspiro_hide_title":false,"footnotes":""},"class_list":["post-3","page","type-page","status-publish","hentry"],"featured_media_urls":[],"_links":{"self":[{"href":"https:\/\/urmirense.pt\/index.php\/wp-json\/wp\/v2\/pages\/3","targetHints":{"allow":["GET"]}}],"collection":[{"href":"https:\/\/urmirense.pt\/index.php\/wp-json\/wp\/v2\/pages"}],"about":[{"href":"https:\/\/urmirense.pt\/index.php\/wp-json\/wp\/v2\/types\/page"}],"author":[{"embeddable":true,"href":"https:\/\/urmirense.pt\/index.php\/wp-json\/wp\/v2\/users\/1"}],"replies":[{"embeddable":true,"href":"https:\/\/urmirense.pt\/index.php\/wp-json\/wp\/v2\/comments?post=3"}],"version-history":[{"count":6,"href":"https:\/\/urmirense.pt\/index.php\/wp-json\/wp\/v2\/pages\/3\/revisions"}],"predecessor-version":[{"id":828,"href":"https:\/\/urmirense.pt\/index.php\/wp-json\/wp\/v2\/pages\/3\/revisions\/828"}],"wp:attachment":[{"href":"https:\/\/urmirense.pt\/index.php\/wp-json\/wp\/v2\/media?parent=3"}],"curies":[{"name":"wp","href":"https:\/\/api.w.org\/{rel}","templated":true}]}}